is w(-4)?
4
Let s(l) = -l**2 - 8*l. Let d(n) = -4*n + 2*n + 21 + 3*n - 3*n. Let g be d(14). Determine s(g).
7
Let w(d) be the third derivative of d**6/120 - d**4/24 + d**3/3 + 2*d**2. Let n be ((-3)/12)/(8/(-3104)). Let c = 99 - n. What is w(c)?
8
Let d(t) = -t**2 - t + 10. Let c(o) = o**3 + 2*o**2 - 2*o - 6. Let m be c(3). Let i = m + -33. Determine d(i).
10
Let k(z) = 3*z + 1. Suppose 0*x + 3*o = 2*x - 94, 0 = 3*x + 4*o - 175. Let i = x + -54. Give k(i).
-2
Let s = 91 + 7. Let y = s + -97. Let q(l) = -7*l**3 - 2*l**2 + 1. Determine q(y).
-8
Let p(h) = -11*h**3 + 2*h**2 - h. Let d be 84/9 - (-6)/(-18). Suppose 5*s + 4 - d = 0. Determine p(s).
-10
Let t(w) = w**2 - 14*w - 11. Let z(f) = 2*f**2 - 27*f - 22. Let n(m) = 11*t(m) - 6*z(m). Calculate n(8).
11
Let x(l) = l**2 + 6*l - 6. Let u be x(-6). Let r(c) = 3 + 443*c - 2*c**3 + 7*c**2 + 3*c**3 - 437*c. Determine r(u).
3
Suppose 3*j = 2*k + 17, -5*k + 3*k - 3*j + 13 = 0. Let w(g) = 6*g. Give w(k).
-6
Let v(s) = -85*s - 1024. Let f be v(-12). Let j(t) = 1 + 0*t**2 + 5*t + t**2 + 2. Calculate j(f).
-1
Let h be 9/27 + (-11)/(-3). Suppose 6*s - 2*s = -4*v - h, 0 = -4*v - s - 7. Let z(t) = t + 4*t - 3*t - 1 + 4. Give z(v).
-1
Let t(c) = 4 + 2 - 2*c**2 - 8*c - c**2 + 2. Let l(a) = a**2 + 3*a - 3. Let n(k) = -8*l(k) - 3*t(k). Suppose 0 = -24*y + 28*y - 4. Give n(y).
1
Let a(h) = -5 + 117*h + 56*h - 175*h - 15. Determine a(-7).
-6
Let q(z) = -z**3 + 6*z**2 + 3*z - 9. Let a(d) = 1284*d + 0*d**2 - 1285*d + 2*d**2 - 9. Let p be a(3). Give q(p).
9
Let w(z) = -z. Let v be w(-6). Let c be ((-33)/v)/((-2)/(-4)). Let k = c - -14. Let q(g) = -g. Calculate q(k).
-3
Let g(v) = 7*v + 21. Let f(p) = -11*p - 31. Let r(o) = -5*f(o) - 8*g(o). Suppose 0 = 18*j - 3*j + 105. What is r(j)?
-6
Let p(n) be the third derivative of -n**6/120 + 17*n**5/60 - 2*n**4/3 - 5*n**3/6 + 119*n**2. What is p(16)?
-5
Let k be (2 + -5)/((-33)/(-22)). Let c(l) be the second derivative of -11*l**3/6 - l**2 - 4*l. What is c(k)?
20
Suppose 4*j + 20 + 16 = 0. Let l be (3/j)/(4/(-84)). Suppose -l*i = -10*i - 18. Let g(k) = -k**2 - 4*k + 7. Give g(i).
-5
Let m(i) = -2*i**2 + 2*i - 6. Let n be m(0). Let a(r) = -r - 2. Let h(j) = -5*j - 18. Let z(p) = n*a(p) + h(p). Determine z(0).
-6
Suppose 3*k - 4 = 2*k. Let o(p) = -1 - k + 2*p + 2*p**2 + 7. Determine o(-2).
6
Let x = 534 - 528. Let d(g) be the second derivative of 1/6*g**3 + 3*g**2 - x*g + 0. Determine d(0).
6
Let s = -17 + 12. Let g(i) = -i**3 - 5*i**2. Let w be g(s). Let k(l) = -2 - 7*l + l**3 + 5*l**2 - 1 + w*l - 5. Give k(-6).
-2
Suppose 90 = -5*s + 22*s - 2*s. Let b(x) = 4*x**2 - 2*x - 6. Let n(u) = -5*u**2 + u + 6. Let t(z) = -4*b(z) - 3*n(z). Determine t(s).
0
Suppose 0 = -3*u + 3*t + 6, 4*u - 3*t = -t + 10. Let p(g) = 8*g - 5 + 0*g**3 + 7*g**2 - g + g**u. Let s be (6/8*-3)/(14 + 4251/(-312)). Determine p(s).
-11
Suppose 1 = -3*s - 8. Let u(m) = -37 - 3*m - 11 + 44 - m**2 + 4*m + 2*m**2. What is u(s)?
2
Let k(b) = -b**2 + 2*b. Let y be (-3 + (-29)/(-9))*-3*-9. Let t be y/(-10) + 14/(-10). Determine k(t).
-8
Let a(i) = i**3 + 22*i**2 + i + 22. Let c be a(-22). Let h(o) = -o - 39. Determine h(c).
-39
Let y be 12/7 + 44/154. Let l(c) = -27 - 26 + 53 + y*c. Calculate l(-4).
-8
Let j(q) be the third derivative of q**5/15 - q**4/8 + q**3/3 + 4*q**2. Give j(1).
3
Let f(k) = 5*k**2 + 2*k + 1. Let x(t) = -t**2 + t. Let v(z) = f(z) + 4*x(z). Calculate v(-7).
8
Let s(h) be the third derivative of 1/180*h**6 + 7/6*h**3 + 1/30*h**5 + 0*h + 0*h**4 - 12*h**2 + 0. Let x(c) be the first derivative of s(c). Determine x(-3).
6
Let m(l) = l**2 + 7*l + 1. Let p be 2/9 - 32/144. Suppose p = 4*c - 2 + 6, 5*a - 29 = 4*c. Let r = a - 11. What is m(r)?
-5
Let c(r) = -5*r**2 + r + 21. Let f(v) = 4*v**2 - v - 18. Let g(k) = 3*c(k) + 4*f(k). Let d be (0/7)/(1 + -2). Calculate g(d).
-9
Suppose -6*r - 2*z + 4 = -8*r, -39 = 2*r + 5*z. Let s(w) = 5*w + 1. Calculate s(r).
-34
Let a(j) = 3*j**3 + 3*j**2 + j + 2. Suppose 22*c - 15*c - 14 = 0. Let y(u) = -7*u**3 - 6*u**2 - u - 5. Let d(s) = c*y(s) + 5*a(s). Determine d(-2).
-2
Let d(z) = -z**3 - z - 1. Let l(h) = 3*h**3 - 6*h**2 + 11*h + 5. Let q(k) = -4*d(k) - l(k). Give q(-7).
-1
Let h(a) = a**2 + 10*a + 10. Let p be (-9)/2*11/((-77)/(-14)). Give h(p).
1
Let u(c) = 265*c + 90. Let m(x) = -29*x - 10. Let k(t) = 55*m(t) + 6*u(t). What is k(-7)?
25
Let d = 53 - 60. Let g(r) = -r**2 + 4. Let h(p) = 4*p**2 - 13. Let s(v) = d*g(v) - 2*h(v). Determine s(0).
-2
Let c(q) = 2496 - 1250 - 1254 + q**2 - 3*q. Give c(6).
10
Let r(x) = 2*x + 18. Let g be (-1 - 10/(-6)) + 595/(-51). Let p be r(g). Let u(b) = b - 2. Calculate u(p).
-6
Suppose -2*y = -h + 10, 4 = -2*h - 2*y - 0. Let r(k) = -3 + 10 - 6*k + 18*k**h - 17*k**2. Let j be r(5). Let a(l) = -2*l + 2. Determine a(j).
-2
Suppose -3*j = -4*x - 31, -j + x + 0 = -10. Suppose 0 = -4*k - 5*i - 75, -5*k - i - 48 = -2*k. Let s = k + j. Let p(f) = -f**3 - 7*f**2 - 4*f + 6. Give p(s).
-6
Suppose -10 = -3*g - 7*g. Let y(k) = 13*k**3 - 7*k**2 + 9*k - 9. Let h(j) = -7*j**3 + 4*j**2 - 5*j + 5. Let l(r) = -7*h(r) - 4*y(r). Determine l(g).
-3
Let n be (-9)/(-6)*((-224)/6)/(-7). Let h(j) = j**3 - 9*j**2 + 6*j + 11. Determine h(n).
-5
Suppose 0*k + 2*k = -2*x + 12, 2*k - 14 = -3*x. Suppose 3*j - 100 = k*c, 2*j - 3*c - 68 = -0*c. Let n(v) = -15 - 3*v + j - 11. What is n(2)?
-4
Let b(j) = -2*j**2 - 2*j - 14. Let w be b(0). Let g(d) = 2*d + 22. Calculate g(w).
-6
Let s = -147 - -212. Let z be 6/10 - 234/s. Let g(d) = d**3 + 2*d**2 + 1. What is g(z)?
-8
Let p(d) = d - 2. Suppose -n + 20 = -61. Let h = n + -84. Determine p(h).
-5
Suppose -3*z - 15*r = -18*r + 36, 2*z - 4*r + 28 = 0. Let n(v) = v**3 + 11*v**2 + 6*v - 14. Calculate n(z).
26
Let o(g) = -g**3 - g**2 - 3*g - 1. Let b(h) = 3*h**3 + 9*h**2 + 5*h - 7. Let k(r) = -b(r) - 2*o(r). What is k(-7)?
2
Let t be ((-8)/6 - -1)*-15. Let z(v) = 3 + 553*v - 279*v - 277*v. Determine z(t).
-12
Let p = -50 - -48. Let f(i) = 2*i**2 - 5*i + 4. Let o(b) = b**2 - 3*b + 2. Let s(h) = 6*f(h) - 11*o(h). Calculate s(p).
0
Let a(f) = -5 + 1 - 335*f + 336*f - f**2. Determine a(3).
-10
Let f(a) = 14*a + 302. Let y be f(-21). Let t(m) = -m**2 + 9*m - 4. What is t(y)?
4
Let z(t) = 3*t**3 - 34*t**2 + 5*t - 7. Let b(w) = 2*w**3 - 17*w**2 + 3*w - 4. Let d(k) = -5*b(k) + 3*z(k). Let x be d(-17). Let n(g) = -g. Calculate n(x).
1
Suppose -9*f - 91 = -2*f. Let d be 4 + (0 - -4) + f. Let h(m) = -m**2 - 5*m - 6. Calculate h(d).
-6
Let p(v) = -2*v**3 - 2*v**2 - 1. Suppose 19*w = -28 - 10. Calculate p(w).
7
Suppose 0 = 2*g + g - 27. Let i(u) = -5 + 1 - u + g. Calculate i(-6).
11
Let x(v) = -9*v**2 + 7*v - 6. Let k(c) = 14*c**2 - 10*c + 9. Let t(b) = -5*k(b) - 8*x(b). Give t(2).
-1
Let v be (-11 - -9)*15/10. Let h(w) = -w**2 - 8*w - 9. Determine h(v).
6
Let b(l) be the third derivative of l**6/60 + l**5/10 - l**3/6 + l**2. Let z be b(-3). Let d(h) = -h. Determine d(z).
1
Let y(c) = -3*c - 28*c**2 + 27*c**2 + 0 + 9 - 6. Determine y(-4).
-1
Let g(n) = n**2 + 3*n - 5. Let t = 430 + -426. Determine g(t).
23
Let c(h) be the first derivative of h**6/360 + h**5/20 + h**4/8 + h**3 - 2. Let p(g) be the third derivative of c(g). Suppose 3*u + 10 = u. Calculate p(u).
-2
Let w(u) = -2*u**3 - 3*u**2 + 3*u - 2. Let j(m) = -m**3 - 9*m**2 - 10*m + 45. Let h be j(-6). Determine w(h).
16
Let d(a) be the second derivative of -a**6/144 + a**5/24 - 3*a**4/4 + 9*a. Let j(l) be the third derivative of d(l). Give j(2).
-5
Let a be 564/658*(-56)/12*-1. Let j(z) = -2*z + 0*z + 3*z - 8. Determine j(a).
-4
Let i(p) be the second derivative of 1/12*p**4 + 3*p + 3*p**2 + 5/6*p**3 + 0. Determine i(-4).
2
Let g(s) = 1906*s + 5*s**2 + 5 - 4*s**2 - 1898*s. Give g(-7).
-2
Let v = 293 + -292. Let d(r) = 4*r. Give d(v).
4
Let x(p) be the first derivative of 1/2*p**2 + 8 - 10*p. Calculate x(6).
-4
Let f(j) be the second derivative of j**5/20 - j**4/12 + j**3/6 + 9*j**2/2 + 18*j - 7. Give f(0).
9
Let k(c) be the second derivative of c**3/3 + 8*c**2 + 141*c. Determine k(-12).
-8
Suppose 3 = -c + 9. Let w(o) = -3*o - 6. Let z be w(-5). Let d = z - c. Let h(u) = -u**3 + 3*u**2 - 3*u. Calculate h(d).
-9
Let b(p) be the first derivative of -1/2*p**2 - 11 + 5*p. Calculate b(5).
0
Let w be 26/4 + (-1)/(-2). Let u = w - 7. Let f(x) = 6*x + 16. Let p(o) = 7*o + 17. Let a(l) = 6